{"id":2643,"date":"2021-06-16T14:54:23","date_gmt":"2021-06-16T12:54:23","guid":{"rendered":"https:\/\/abfprogress.se\/?page_id=2643"},"modified":"2021-06-17T11:26:34","modified_gmt":"2021-06-17T09:26:34","slug":"gdpr","status":"publish","type":"page","link":"https:\/\/abfprogress.se\/?page_id=2643","title":{"rendered":"GDPR"},"content":{"rendered":"\n<div class=\"wp-block-cover alignfull has-nv-light-bg-background-color has-background-dim\" style=\"min-height:360px;aspect-ratio:unset;\"><div class=\"wp-block-cover__inner-container is-layout-flow wp-block-cover-is-layout-flow\">\n<div style=\"height:120px\" aria-hidden=\"true\" class=\"wp-block-spacer\"><\/div>\n\n\n\n<h1 class=\"has-text-align-center has-neve-link-color-color has-text-color wp-block-heading\">GDPR<\/h1>\n\n\n\n<p class=\"has-text-align-center has-neve-link-color-color has-text-color\">Information om integritetspolicy och lokal ansvarig. <\/p>\n\n\n\n<div style=\"height:80px\" aria-hidden=\"true\" class=\"wp-block-spacer\"><\/div>\n<\/div><\/div>\n\n\n\n<div class=\"wp-block-cover alignfull has-neve-link-color-background-color has-background-dim\"><div class=\"wp-block-cover__inner-container is-layout-flow wp-block-cover-is-layout-flow\">\n<div style=\"height:80px\" aria-hidden=\"true\" class=\"wp-block-spacer\"><\/div>\n\n\n\n<div class=\"wp-block-cover alignwide has-neve-link-color-background-color has-background-dim\"><div class=\"wp-block-cover__inner-container is-layout-flow wp-block-cover-is-layout-flow\">\n<h2 class=\"has-nv-text-dark-bg-color has-text-color wp-block-heading\">ABFs Integritetspolicy<\/h2>\n\n\n\n<p>Via l\u00e4nken nedan hittar du information om vilka uppgifter om dig som deltagare som ABF behandlar, f\u00f6r vilka \u00e4ndam\u00e5l, den r\u00e4ttsliga grunden f\u00f6r behandlingen, hur l\u00e4nge uppgifterna sparas och dina r\u00e4ttigheter, inom ramen f\u00f6r folkbildningsverksamhet reglerad av F\u00f6rordning (2015:218) om statsbidrag till folkbildning.<\/p>\n\n\n\n<div style=\"height:25px\" aria-hidden=\"true\" class=\"wp-block-spacer\"><\/div>\n\n\n\n<div class=\"wp-block-buttons is-layout-flex wp-block-buttons-is-layout-flex\">\n<div class=\"wp-block-button is-style-primary\"><a class=\"wp-block-button__link\" href=\"https:\/\/www.abf.se\/om-abf\/dataskyddsforordningen-gdpr\/\" target=\"_blank\" rel=\"noreferrer noopener\">ABFs integritetspolicy<\/a><\/div>\n<\/div>\n\n\n\n<div style=\"height:80px\" aria-hidden=\"true\" class=\"wp-block-spacer\"><\/div>\n\n\n\n<h3 class=\"has-nv-text-dark-bg-color has-text-color wp-block-heading\">Personuppgiftsansvarig och dataskyddsombud<\/h3>\n\n\n\n<p>Lokal ansvarig p\u00e5 ABF L\u00e4ra och Jobb \u00e4r Shpetim Pirraku.<\/p>\n\n\n\n<p class=\"has-nv-site-bg-color has-text-color\">Kontakt: Shpetim Pirraku, <a href=\"mailto:shpetim.pirraku@abf.se\" data-type=\"mailto\" data-id=\"mailto:shpetim.pirraku@abf.se\"><span class=\"has-inline-color has-nv-text-dark-bg-color\">shpetim.pirraku@abf.se<\/span><\/a>, 073-961 96 72.<\/p>\n<\/div><\/div>\n\n\n\n<div style=\"height:80px\" aria-hidden=\"true\" class=\"wp-block-spacer\"><\/div>\n<\/div><\/div>\n","protected":false},"excerpt":{"rendered":"","protected":false},"author":10,"featured_media":0,"parent":0,"menu_order":0,"comment_status":"closed","ping_status":"closed","template":"","meta":{"neve_meta_sidebar":"full-width","neve_meta_container":"full-width","neve_meta_enable_content_width":"off","neve_meta_content_width":100,"neve_meta_title_alignment":"","neve_meta_author_avatar":"","neve_post_elements_order":"","neve_meta_disable_header":"","neve_meta_disable_footer":"","neve_meta_disable_title":"on","footnotes":""},"class_list":["post-2643","page","type-page","status-publish","hentry"],"_links":{"self":[{"href":"https:\/\/abfprogress.se\/index.php?rest_route=\/wp\/v2\/pages\/2643","targetHints":{"allow":["GET"]}}],"collection":[{"href":"https:\/\/abfprogress.se\/index.php?rest_route=\/wp\/v2\/pages"}],"about":[{"href":"https:\/\/abfprogress.se\/index.php?rest_route=\/wp\/v2\/types\/page"}],"author":[{"embeddable":true,"href":"https:\/\/abfprogress.se\/index.php?rest_route=\/wp\/v2\/users\/10"}],"replies":[{"embeddable":true,"href":"https:\/\/abfprogress.se\/index.php?rest_route=%2Fwp%2Fv2%2Fcomments&post=2643"}],"version-history":[{"count":11,"href":"https:\/\/abfprogress.se\/index.php?rest_route=\/wp\/v2\/pages\/2643\/revisions"}],"predecessor-version":[{"id":2782,"href":"https:\/\/abfprogress.se\/index.php?rest_route=\/wp\/v2\/pages\/2643\/revisions\/2782"}],"wp:attachment":[{"href":"https:\/\/abfprogress.se\/index.php?rest_route=%2Fwp%2Fv2%2Fmedia&parent=2643"}],"curies":[{"name":"wp","href":"https:\/\/api.w.org\/{rel}","templated":true}]}}

<div class="wp-block-cover alignfull has-nv-light-bg-background-color has-background-dim" style="min-height:360px;aspect-ratio:unset;"><div class="wp-block-cover__inner-container is-layout-flow wp-block-cover-is-layout-flow">
<div style="height:120px" aria-hidden="true" class="wp-block-spacer"></div>



<h1 class="has-text-align-center has-neve-link-color-color has-text-color wp-block-heading">GDPR</h1>



<p class="has-text-align-center has-neve-link-color-color has-text-color">Information om integritetspolicy och lokal ansvarig. </p>



<div style="height:80px" aria-hidden="true" class="wp-block-spacer"></div>
</div></div>



<div class="wp-block-cover alignfull has-neve-link-color-background-color has-background-dim"><div class="wp-block-cover__inner-container is-layout-flow wp-block-cover-is-layout-flow">
<div style="height:80px" aria-hidden="true" class="wp-block-spacer"></div>



<div class="wp-block-cover alignwide has-neve-link-color-background-color has-background-dim"><div class="wp-block-cover__inner-container is-layout-flow wp-block-cover-is-layout-flow">
<h2 class="has-nv-text-dark-bg-color has-text-color wp-block-heading">ABFs Integritetspolicy</h2>



<p>Via länken nedan hittar du information om vilka uppgifter om dig som deltagare som ABF behandlar, för vilka ändamål, den rättsliga grunden för behandlingen, hur länge uppgifterna sparas och dina rättigheter, inom ramen för folkbildningsverksamhet reglerad av Förordning (2015:218) om statsbidrag till folkbildning.</p>



<div style="height:25px" aria-hidden="true" class="wp-block-spacer"></div>



<div class="wp-block-buttons is-layout-flex wp-block-buttons-is-layout-flex">
<div class="wp-block-button is-style-primary"><a class="wp-block-button__link" href="https://www.abf.se/om-abf/dataskyddsforordningen-gdpr/" target="_blank" rel="noreferrer noopener">ABFs integritetspolicy</a></div>
</div>



<div style="height:80px" aria-hidden="true" class="wp-block-spacer"></div>



<h3 class="has-nv-text-dark-bg-color has-text-color wp-block-heading">Personuppgiftsansvarig och dataskyddsombud</h3>



<p>Lokal ansvarig på ABF Lära och Jobb är Shpetim Pirraku.</p>



<p class="has-nv-site-bg-color has-text-color">Kontakt: Shpetim Pirraku, <a href="mailto:shpetim.pirraku@abf.se" data-type="mailto" data-id="mailto:shpetim.pirraku@abf.se"><span class="has-inline-color has-nv-text-dark-bg-color">shpetim.pirraku@abf.se</span></a>, 073-961 96 72.</p>
</div></div>



<div style="height:80px" aria-hidden="true" class="wp-block-spacer"></div>
</div></div>
