{"id":19725,"date":"2025-05-21T14:56:47","date_gmt":"2025-05-21T12:56:47","guid":{"rendered":"https:\/\/abfprogress.se\/?page_id=19725"},"modified":"2025-05-26T11:39:58","modified_gmt":"2025-05-26T09:39:58","slug":"familjen-abf","status":"publish","type":"page","link":"https:\/\/abfprogress.se\/?page_id=19725","title":{"rendered":"Familjen ABF"},"content":{"rendered":"\n<div class=\"wp-block-cover alignfull has-parallax is-light\"><div class=\"wp-block-cover__image-background wp-image-2125 has-parallax\" style=\"background-position:50% 50%;background-image:url(https:\/\/abfprogress.se\/wp-content\/uploads\/2021\/06\/nathan-dumlao-xPHmmVKS8lM-unsplash-1-svartvit-1.png)\"><\/div><span aria-hidden=\"true\" class=\"wp-block-cover__background has-nv-light-bg-background-color has-background-dim-90 has-background-dim\"><\/span><div class=\"wp-block-cover__inner-container is-layout-flow wp-block-cover-is-layout-flow\">\n<div style=\"height:120px\" aria-hidden=\"true\" class=\"wp-block-spacer\"><\/div>\n\n\n\n<p class=\"has-text-align-center has-nv-dark-bg-color has-text-color has-medium-font-size\">Aros Progress AB<\/p>\n\n\n\n<h1 class=\"wp-block-heading has-text-align-center has-neve-link-color-color has-text-color\">Familjen bakom ABF Progress<\/h1>\n\n\n\n<div style=\"height:80px\" aria-hidden=\"true\" class=\"wp-block-spacer\"><\/div>\n<\/div><\/div>\n\n\n\n<div style=\"height:80px\" aria-hidden=\"true\" class=\"wp-block-spacer\"><\/div>\n\n\n\n<h2 class=\"wp-block-heading has-text-align-center\">V\u00e5r familj<\/h2>\n\n\n\n<div style=\"height:30px\" aria-hidden=\"true\" class=\"wp-block-spacer\"><\/div>\n\n\n\n<div class=\"wp-block-columns alignwide is-layout-flex wp-container-core-columns-is-layout-9d6595d7 wp-block-columns-is-layout-flex\">\n<div class=\"wp-block-column is-layout-flow wp-block-column-is-layout-flow\" style=\"flex-basis:50%\">\n<h2 class=\"wp-block-heading has-text-align-left has-neve-link-color-color has-text-color\">ABF V\u00e4ster\u00e5s<\/h2>\n\n\n\n<p class=\"has-neve-link-color-color has-text-color\">\u00c4r ditt lokala studief\u00f6rbund som str\u00e4var efter ett j\u00e4mlikt och demokratiskt samh\u00e4lle utan klassklyftor och andra maktordningar.<\/p>\n\n\n\n<p class=\"has-neve-link-color-color has-text-color\">Vi skapar m\u00f6ten och m\u00f6tesplatser f\u00f6r l\u00e4rande och utveckling i kommunerna V\u00e4ster\u00e5s, Sala, Fagersta och Norberg. Genom att st\u00f6tta f\u00f6reningar och grupper att organisera sig och bilda sig tillsammans st\u00e4rker vi demokratin och bygger ett starkt civilsamh\u00e4lle. Vill du komma i kontakt? Mejla oss p\u00e5 <a href=\"mailto:info.vasteras@abf.se\">info.vasteras@abf.se<\/a>.<\/p>\n\n\n\n<p>Vill du veta mer om ABF V\u00e4ster\u00e5s?<\/p>\n\n\n\n<div class=\"wp-block-buttons is-layout-flex wp-block-buttons-is-layout-flex\">\n<div class=\"wp-block-button is-style-primary\"><a class=\"wp-block-button__link wp-element-button\" href=\"https:\/\/www.abf.se\/vasteras\/\">L\u00e4s mer H\u00e4r<\/a><\/div>\n<\/div>\n<\/div>\n\n\n\n<div class=\"wp-block-column is-layout-flow wp-block-column-is-layout-flow\" style=\"flex-basis:50%\">\n<figure class=\"wp-block-image size-large is-style-default wp-duotone-unset-1\"><a href=\"https:\/\/www.abf.se\/vasteras\/\"><img loading=\"lazy\" decoding=\"async\" width=\"1024\" height=\"558\" src=\"https:\/\/abfprogress.se\/wp-content\/uploads\/2025\/05\/abf_vasteras-1024x558.webp\" alt=\"\" class=\"wp-image-19728\" style=\"aspect-ratio:3\/2;object-fit:cover\" srcset=\"https:\/\/abfprogress.se\/wp-content\/uploads\/2025\/05\/abf_vasteras-1024x558.webp 1024w, https:\/\/abfprogress.se\/wp-content\/uploads\/2025\/05\/abf_vasteras-300x163.webp 300w, https:\/\/abfprogress.se\/wp-content\/uploads\/2025\/05\/abf_vasteras-768x418.webp 768w, https:\/\/abfprogress.se\/wp-content\/uploads\/2025\/05\/abf_vasteras.webp 1440w\" sizes=\"auto, (max-width: 1024px) 100vw, 1024px\" \/><\/a><\/figure>\n<\/div>\n<\/div>\n\n\n\n<div style=\"height:80px\" aria-hidden=\"true\" class=\"wp-block-spacer\"><\/div>\n\n\n\n<div class=\"wp-block-columns alignwide is-layout-flex wp-container-core-columns-is-layout-9d6595d7 wp-block-columns-is-layout-flex\">\n<div class=\"wp-block-column is-layout-flow wp-block-column-is-layout-flow\" style=\"flex-basis:50%\">\n<figure class=\"wp-block-image size-large\"><a href=\"https:\/\/www.abf.se\/gastrikebygden\/abf-gastrikebygden\/abf-gastrikebygden-abf-hofors-abf-gastrikland\/\"><img loading=\"lazy\" decoding=\"async\" width=\"1024\" height=\"558\" src=\"https:\/\/abfprogress.se\/wp-content\/uploads\/2025\/05\/abf_gastrikland-1024x558.webp\" alt=\"\" class=\"wp-image-19729\" srcset=\"https:\/\/abfprogress.se\/wp-content\/uploads\/2025\/05\/abf_gastrikland-1024x558.webp 1024w, https:\/\/abfprogress.se\/wp-content\/uploads\/2025\/05\/abf_gastrikland-300x163.webp 300w, https:\/\/abfprogress.se\/wp-content\/uploads\/2025\/05\/abf_gastrikland-768x418.webp 768w, https:\/\/abfprogress.se\/wp-content\/uploads\/2025\/05\/abf_gastrikland.webp 1440w\" sizes=\"auto, (max-width: 1024px) 100vw, 1024px\" \/><\/a><\/figure>\n<\/div>\n\n\n\n<div class=\"wp-block-column is-layout-flow wp-block-column-is-layout-flow\" style=\"flex-basis:50%\">\n<h2 class=\"wp-block-heading has-text-align-left has-neve-link-color-color has-text-color\">ABF G\u00e4strikland<\/h2>\n\n\n\n<p class=\"has-neve-link-color-color has-text-color\">Just nu p\u00e5g\u00e5r en sp\u00e4nnande sammanslagning mellan ABF G\u00e4strikebygden och ABF Hofors. Du kan l\u00e4sa mer nedan.<\/p>\n\n\n\n<div class=\"wp-block-buttons is-layout-flex wp-block-buttons-is-layout-flex\">\n<div class=\"wp-block-button is-style-primary\"><a class=\"wp-block-button__link wp-element-button\" href=\"https:\/\/www.abf.se\/gastrikebygden\/abf-gastrikebygden\/abf-gastrikebygden-abf-hofors-abf-gastrikland\/\">L\u00e4s mer H\u00e4r<\/a><\/div>\n<\/div>\n<\/div>\n<\/div>\n\n\n\n<div style=\"height:80px\" aria-hidden=\"true\" class=\"wp-block-spacer\"><\/div>\n","protected":false},"excerpt":{"rendered":"<p>V\u00e5r familj ABF V\u00e4ster\u00e5s \u00c4r ditt lokala studief\u00f6rbund som str\u00e4var efter ett j\u00e4mlikt och demokratiskt samh\u00e4lle utan klassklyftor och andra maktordningar. Vi skapar m\u00f6ten och m\u00f6tesplatser f\u00f6r l\u00e4rande och utveckling i kommunerna V\u00e4ster\u00e5s, Sala, Fagersta och Norberg. Genom att st\u00f6tta f\u00f6reningar och grupper att organisera sig och bilda sig tillsammans st\u00e4rker vi demokratin och bygger&hellip;&nbsp;<a href=\"https:\/\/abfprogress.se\/?page_id=19725\" rel=\"bookmark\">L\u00e4s mer &raquo;<span class=\"screen-reader-text\">Familjen ABF<\/span><\/a><\/p>\n","protected":false},"author":10,"featured_media":0,"parent":0,"menu_order":0,"comment_status":"closed","ping_status":"closed","template":"","meta":{"neve_meta_sidebar":"full-width","neve_meta_container":"full-width","neve_meta_enable_content_width":"off","neve_meta_content_width":100,"neve_meta_title_alignment":"","neve_meta_author_avatar":"","neve_post_elements_order":"","neve_meta_disable_header":"","neve_meta_disable_footer":"","neve_meta_disable_title":"on","footnotes":""},"class_list":["post-19725","page","type-page","status-publish","hentry"],"_links":{"self":[{"href":"https:\/\/abfprogress.se\/index.php?rest_route=\/wp\/v2\/pages\/19725","targetHints":{"allow":["GET"]}}],"collection":[{"href":"https:\/\/abfprogress.se\/index.php?rest_route=\/wp\/v2\/pages"}],"about":[{"href":"https:\/\/abfprogress.se\/index.php?rest_route=\/wp\/v2\/types\/page"}],"author":[{"embeddable":true,"href":"https:\/\/abfprogress.se\/index.php?rest_route=\/wp\/v2\/users\/10"}],"replies":[{"embeddable":true,"href":"https:\/\/abfprogress.se\/index.php?rest_route=%2Fwp%2Fv2%2Fcomments&post=19725"}],"version-history":[{"count":11,"href":"https:\/\/abfprogress.se\/index.php?rest_route=\/wp\/v2\/pages\/19725\/revisions"}],"predecessor-version":[{"id":19780,"href":"https:\/\/abfprogress.se\/index.php?rest_route=\/wp\/v2\/pages\/19725\/revisions\/19780"}],"wp:attachment":[{"href":"https:\/\/abfprogress.se\/index.php?rest_route=%2Fwp%2Fv2%2Fmedia&parent=19725"}],"curies":[{"name":"wp","href":"https:\/\/api.w.org\/{rel}","templated":true}]}}

<div class="wp-block-cover alignfull has-parallax is-light"><div class="wp-block-cover__image-background wp-image-2125 has-parallax" style="background-position:50% 50%;background-image:url(https://abfprogress.se/wp-content/uploads/2021/06/nathan-dumlao-xPHmmVKS8lM-unsplash-1-svartvit-1.png)"></div><span aria-hidden="true" class="wp-block-cover__background has-nv-light-bg-background-color has-background-dim-90 has-background-dim"></span><div class="wp-block-cover__inner-container is-layout-flow wp-block-cover-is-layout-flow">
<div style="height:120px" aria-hidden="true" class="wp-block-spacer"></div>



<p class="has-text-align-center has-nv-dark-bg-color has-text-color has-medium-font-size">Aros Progress AB</p>



<h1 class="wp-block-heading has-text-align-center has-neve-link-color-color has-text-color">Familjen bakom ABF Progress</h1>



<div style="height:80px" aria-hidden="true" class="wp-block-spacer"></div>
</div></div>



<div style="height:80px" aria-hidden="true" class="wp-block-spacer"></div>



<h2 class="wp-block-heading has-text-align-center">Vår familj</h2>



<div style="height:30px" aria-hidden="true" class="wp-block-spacer"></div>



<div class="wp-block-columns alignwide is-layout-flex wp-container-core-columns-is-layout-9d6595d7 wp-block-columns-is-layout-flex">
<div class="wp-block-column is-layout-flow wp-block-column-is-layout-flow" style="flex-basis:50%">
<h2 class="wp-block-heading has-text-align-left has-neve-link-color-color has-text-color">ABF Västerås</h2>



<p class="has-neve-link-color-color has-text-color">Är ditt lokala studieförbund som strävar efter ett jämlikt och demokratiskt samhälle utan klassklyftor och andra maktordningar.</p>



<p class="has-neve-link-color-color has-text-color">Vi skapar möten och mötesplatser för lärande och utveckling i kommunerna Västerås, Sala, Fagersta och Norberg. Genom att stötta föreningar och grupper att organisera sig och bilda sig tillsammans stärker vi demokratin och bygger ett starkt civilsamhälle. Vill du komma i kontakt? Mejla oss på <a href="mailto:info.vasteras@abf.se">info.vasteras@abf.se</a>.</p>



<p>Vill du veta mer om ABF Västerås?</p>



<div class="wp-block-buttons is-layout-flex wp-block-buttons-is-layout-flex">
<div class="wp-block-button is-style-primary"><a class="wp-block-button__link wp-element-button" href="https://www.abf.se/vasteras/">Läs mer Här</a></div>
</div>
</div>



<div class="wp-block-column is-layout-flow wp-block-column-is-layout-flow" style="flex-basis:50%">
<figure class="wp-block-image size-large is-style-default wp-duotone-unset-1"><a href="https://www.abf.se/vasteras/"><img loading="lazy" decoding="async" width="1024" height="558" src="https://abfprogress.se/wp-content/uploads/2025/05/abf_vasteras-1024x558.webp" alt="" class="wp-image-19728" style="aspect-ratio:3/2;object-fit:cover" srcset="https://abfprogress.se/wp-content/uploads/2025/05/abf_vasteras-1024x558.webp 1024w, https://abfprogress.se/wp-content/uploads/2025/05/abf_vasteras-300x163.webp 300w, https://abfprogress.se/wp-content/uploads/2025/05/abf_vasteras-768x418.webp 768w, https://abfprogress.se/wp-content/uploads/2025/05/abf_vasteras.webp 1440w" sizes="auto, (max-width: 1024px) 100vw, 1024px" /></a></figure>
</div>
</div>



<div style="height:80px" aria-hidden="true" class="wp-block-spacer"></div>



<div class="wp-block-columns alignwide is-layout-flex wp-container-core-columns-is-layout-9d6595d7 wp-block-columns-is-layout-flex">
<div class="wp-block-column is-layout-flow wp-block-column-is-layout-flow" style="flex-basis:50%">
<figure class="wp-block-image size-large"><a href="https://www.abf.se/gastrikebygden/abf-gastrikebygden/abf-gastrikebygden-abf-hofors-abf-gastrikland/"><img loading="lazy" decoding="async" width="1024" height="558" src="https://abfprogress.se/wp-content/uploads/2025/05/abf_gastrikland-1024x558.webp" alt="" class="wp-image-19729" srcset="https://abfprogress.se/wp-content/uploads/2025/05/abf_gastrikland-1024x558.webp 1024w, https://abfprogress.se/wp-content/uploads/2025/05/abf_gastrikland-300x163.webp 300w, https://abfprogress.se/wp-content/uploads/2025/05/abf_gastrikland-768x418.webp 768w, https://abfprogress.se/wp-content/uploads/2025/05/abf_gastrikland.webp 1440w" sizes="auto, (max-width: 1024px) 100vw, 1024px" /></a></figure>
</div>



<div class="wp-block-column is-layout-flow wp-block-column-is-layout-flow" style="flex-basis:50%">
<h2 class="wp-block-heading has-text-align-left has-neve-link-color-color has-text-color">ABF Gästrikland</h2>



<p class="has-neve-link-color-color has-text-color">Just nu pågår en spännande sammanslagning mellan ABF Gästrikebygden och ABF Hofors. Du kan läsa mer nedan.</p>



<div class="wp-block-buttons is-layout-flex wp-block-buttons-is-layout-flex">
<div class="wp-block-button is-style-primary"><a class="wp-block-button__link wp-element-button" href="https://www.abf.se/gastrikebygden/abf-gastrikebygden/abf-gastrikebygden-abf-hofors-abf-gastrikland/">Läs mer Här</a></div>
</div>
</div>
</div>



<div style="height:80px" aria-hidden="true" class="wp-block-spacer"></div>

<p>Vår familj ABF Västerås Är ditt lokala studieförbund som strävar efter ett jämlikt och demokratiskt samhälle utan klassklyftor och andra maktordningar. Vi skapar möten och mötesplatser för lärande och utveckling i kommunerna Västerås, Sala, Fagersta och Norberg. Genom att stötta föreningar och grupper att organisera sig och bilda sig tillsammans stärker vi demokratin och bygger&hellip;&nbsp;<a href="https://abfprogress.se/?page_id=19725" rel="bookmark">Läs mer &raquo;<span class="screen-reader-text">Familjen ABF</span></a></p>
