{"id":1661,"date":"2017-02-01T06:35:58","date_gmt":"2017-02-01T06:35:58","guid":{"rendered":"https:\/\/abfprogress.se\/?page_id=1661"},"modified":"2021-06-17T10:33:30","modified_gmt":"2021-06-17T08:33:30","slug":"grundlaggande-utbildningar","status":"publish","type":"page","link":"https:\/\/abfprogress.se\/?page_id=1661","title":{"rendered":"Grundl\u00e4ggande utbildningar"},"content":{"rendered":"\n<div class=\"wp-block-cover alignfull has-background-dim-90 has-nv-light-bg-background-color has-background-dim has-parallax\" style=\"background-image:url(https:\/\/abfprogress.se\/wp-content\/uploads\/2021\/06\/pexels-kampus-production-5940704-scaled.jpg);min-height:400px;aspect-ratio:unset;\"><div class=\"wp-block-cover__inner-container is-layout-flow wp-block-cover-is-layout-flow\">\n<div style=\"height:120px\" aria-hidden=\"true\" class=\"wp-block-spacer\"><\/div>\n\n\n\n<h1 class=\"has-text-align-center has-neve-link-color-color has-text-color wp-block-heading\">Grundl\u00e4ggande utbildningar<\/h1>\n\n\n\n<div style=\"height:80px\" aria-hidden=\"true\" class=\"wp-block-spacer\"><\/div>\n<\/div><\/div>\n\n\n\n<div style=\"height:50px\" aria-hidden=\"true\" class=\"wp-block-spacer\"><\/div>\n\n\n\n<div class=\"wp-block-cover alignwide has-nv-site-bg-background-color has-background-dim\" style=\"min-height:387px;aspect-ratio:unset;\"><div class=\"wp-block-cover__inner-container is-layout-flow wp-block-cover-is-layout-flow\">\n<h2 class=\"has-neve-link-color-color has-text-color wp-block-heading\">Om<\/h2>\n\n\n\n<p class=\"has-neve-link-color-color has-text-color\"><strong>Grundl\u00e4ggande \u00e4mnen<\/strong> \u00e4r till exempel svenska\/svenska som andra spr\u00e5k, matematik och engelska. Utbildningen motsvarar den kunskap som n\u00e5s i grundskolan.<\/p>\n\n\n\n<p class=\"has-neve-link-color-color has-text-color\">Utbildningarna \u00e4r till f\u00f6r dig som \u00e4r bosatt i V\u00e4ster\u00e5s kommun. Du \u00e4r beh\u00f6rig att l\u00e4sa en kommunal vuxenutbildning fr\u00e5n och med 1 juli det \u00e5r du fyller 20 \u00e5r. Om du har gymnasieexamen eller studiebevis fr\u00e5n gymnasiet kan du vara under 20 \u00e5r.<\/p>\n\n\n\n<p class=\"has-neve-link-color-color has-text-color\">N\u00e4r du s\u00f6ker grundl\u00e4ggande utbildning beh\u00f6ver du inga formella f\u00f6rkunskaper. Du beh\u00f6ver d\u00e4remot ha tillr\u00e4ckligt goda kunskaper i svenska f\u00f6r att klara studierna.<\/p>\n<\/div><\/div>\n\n\n\n<div style=\"height:50px\" aria-hidden=\"true\" class=\"wp-block-spacer\"><\/div>\n\n\n\n<div class=\"wp-block-cover alignwide has-nv-site-bg-background-color has-background-dim\"><div class=\"wp-block-cover__inner-container is-layout-flow wp-block-cover-is-layout-flow\">\n<h2 class=\"alignwide has-neve-link-color-color has-text-color wp-block-heading\">Utbildningar vi erbjuder<\/h2>\n\n\n\n<div style=\"height:25px\" aria-hidden=\"true\" class=\"wp-block-spacer\"><\/div>\n\n\n\n<div class=\"wp-block-columns alignwide is-layout-flex wp-container-core-columns-is-layout-9d6595d7 wp-block-columns-is-layout-flex\">\n<div class=\"wp-block-column is-layout-flow wp-block-column-is-layout-flow\">\n<figure class=\"wp-block-image size-large is-resized\"><a href=\"https:\/\/abfprogress.se\/wp-content\/uploads\/2021\/06\/pexels-charlotte-may-5965711-scaled.jpg\"><img loading=\"lazy\" decoding=\"async\" src=\"https:\/\/abfprogress.se\/wp-content\/uploads\/2021\/06\/pexels-charlotte-may-5965711-edited-scaled.jpg\" alt=\"\" class=\"wp-image-2514\" width=\"600\" height=\"600\" srcset=\"https:\/\/abfprogress.se\/wp-content\/uploads\/2021\/06\/pexels-charlotte-may-5965711-edited-scaled.jpg 2560w, https:\/\/abfprogress.se\/wp-content\/uploads\/2021\/06\/pexels-charlotte-may-5965711-edited-300x300.jpg 300w, https:\/\/abfprogress.se\/wp-content\/uploads\/2021\/06\/pexels-charlotte-may-5965711-edited-150x150.jpg 150w, https:\/\/abfprogress.se\/wp-content\/uploads\/2021\/06\/pexels-charlotte-may-5965711-edited-2048x2043.jpg 2048w\" sizes=\"auto, (max-width: 600px) 100vw, 600px\" \/><\/a><\/figure>\n\n\n\n<h3 class=\"has-text-align-center has-neve-link-color-color has-text-color wp-block-heading\">Svenska som andraspr\u00e5k (SAS) grund<\/h3>\n\n\n\n<hr class=\"wp-block-separator has-text-color has-background has-neve-button-color-background-color has-neve-button-color-color is-style-default\"\/>\n\n\n\n<p class=\"has-text-align-center has-neve-link-color-color has-text-color\">Svenska som andraspr\u00e5k (SAS) \u00e4r till f\u00f6r dig som inte har svenska som modersm\u00e5l och vill utveckla dina spr\u00e5kkunskaper.<\/p>\n\n\n\n<div class=\"wp-block-buttons is-content-justification-center is-layout-flex wp-block-buttons-is-layout-flex\">\n<div class=\"wp-block-button is-style-primary\"><a class=\"wp-block-button__link\" href=\"https:\/\/abfprogress.se\/?page_id=1680\">L\u00c4s mer<\/a><\/div>\n<\/div>\n\n\n\n<div style=\"height:40px\" aria-hidden=\"true\" class=\"wp-block-spacer\"><\/div>\n<\/div>\n\n\n\n<div class=\"wp-block-column is-layout-flow wp-block-column-is-layout-flow\">\n<figure class=\"wp-block-image size-large is-resized\"><a href=\"https:\/\/abfprogress.se\/wp-content\/uploads\/2021\/06\/pexels-ivan-samkov-5676740-1-scaled.jpg\"><img loading=\"lazy\" decoding=\"async\" src=\"https:\/\/abfprogress.se\/wp-content\/uploads\/2021\/06\/pexels-ivan-samkov-5676740-1-1024x1024.jpg\" alt=\"\" class=\"wp-image-2442\" width=\"600\" height=\"600\" srcset=\"https:\/\/abfprogress.se\/wp-content\/uploads\/2021\/06\/pexels-ivan-samkov-5676740-1-1024x1024.jpg 1024w, https:\/\/abfprogress.se\/wp-content\/uploads\/2021\/06\/pexels-ivan-samkov-5676740-1-300x300.jpg 300w, https:\/\/abfprogress.se\/wp-content\/uploads\/2021\/06\/pexels-ivan-samkov-5676740-1-150x150.jpg 150w, https:\/\/abfprogress.se\/wp-content\/uploads\/2021\/06\/pexels-ivan-samkov-5676740-1-768x768.jpg 768w, https:\/\/abfprogress.se\/wp-content\/uploads\/2021\/06\/pexels-ivan-samkov-5676740-1-1536x1536.jpg 1536w, https:\/\/abfprogress.se\/wp-content\/uploads\/2021\/06\/pexels-ivan-samkov-5676740-1-2048x2048.jpg 2048w\" sizes=\"auto, (max-width: 600px) 100vw, 600px\" \/><\/a><\/figure>\n\n\n\n<h3 class=\"has-text-align-center has-neve-link-color-color has-text-color wp-block-heading\">Engelska grund<\/h3>\n\n\n\n<p><\/p>\n\n\n\n<hr class=\"wp-block-separator has-text-color has-background has-neve-button-color-background-color has-neve-button-color-color is-style-default\"\/>\n\n\n\n<p class=\"has-text-align-center has-neve-link-color-color has-text-color\">Engelska grund v\u00e4nder sig till dig som saknar grundskolekompetens i \u00e4mnet eller som vill repetera ett eller flera \u00e4mnen inf\u00f6r studier p\u00e5 gymnasieniv\u00e5.<\/p>\n\n\n\n<div class=\"wp-block-buttons is-content-justification-center is-layout-flex wp-block-buttons-is-layout-flex\">\n<div class=\"wp-block-button is-style-primary\"><a class=\"wp-block-button__link\" href=\"https:\/\/abfprogress.se\/?page_id=1683\">L\u00e4s mer<\/a><\/div>\n<\/div>\n\n\n\n<div style=\"height:40px\" aria-hidden=\"true\" class=\"wp-block-spacer\"><\/div>\n<\/div>\n\n\n\n<div class=\"wp-block-column is-layout-flow wp-block-column-is-layout-flow\">\n<figure class=\"wp-block-image size-full is-resized\"><a href=\"https:\/\/abfprogress.se\/wp-content\/uploads\/2021\/06\/pexels-karolina-grabowska-5412432-1.jpg\"><img decoding=\"async\" src=\"https:\/\/abfprogress.se\/wp-content\/uploads\/2021\/06\/pexels-karolina-grabowska-5412432-1.jpg\" alt=\"\" class=\"wp-image-2441\" width=\"600\" srcset=\"https:\/\/abfprogress.se\/wp-content\/uploads\/2021\/06\/pexels-karolina-grabowska-5412432-1.jpg 600w, https:\/\/abfprogress.se\/wp-content\/uploads\/2021\/06\/pexels-karolina-grabowska-5412432-1-300x300.jpg 300w, https:\/\/abfprogress.se\/wp-content\/uploads\/2021\/06\/pexels-karolina-grabowska-5412432-1-150x150.jpg 150w\" sizes=\"(max-width: 600px) 100vw, 600px\" \/><\/a><\/figure>\n\n\n\n<h3 class=\"has-text-align-center has-neve-link-color-color has-text-color wp-block-heading\">Matematik grund<\/h3>\n\n\n\n<p><\/p>\n\n\n\n<hr class=\"wp-block-separator has-text-color has-background has-neve-button-color-background-color has-neve-button-color-color is-style-default\"\/>\n\n\n\n<p class=\"has-text-align-center has-neve-link-color-color has-text-color\">Matematik grund v\u00e4nder sig till dig som saknar grundskolekompetens i \u00e4mnet eller som vill repetera ett eller flera \u00e4mnen inf\u00f6r studier p\u00e5 gymnasieniv\u00e5.<\/p>\n\n\n\n<div class=\"wp-block-buttons is-content-justification-center is-layout-flex wp-block-buttons-is-layout-flex\">\n<div class=\"wp-block-button is-style-primary\"><a class=\"wp-block-button__link\" href=\"https:\/\/abfprogress.se\/?page_id=1685\">L\u00e4s mer<\/a><\/div>\n<\/div>\n\n\n\n<div style=\"height:40px\" aria-hidden=\"true\" class=\"wp-block-spacer\"><\/div>\n<\/div>\n<\/div>\n\n\n\n<div style=\"height:50px\" aria-hidden=\"true\" class=\"wp-block-spacer\"><\/div>\n<\/div><\/div>\n\n\n\n<div class=\"wp-block-cover alignfull has-nv-light-bg-background-color has-background-dim\"><div class=\"wp-block-cover__inner-container is-layout-flow wp-block-cover-is-layout-flow\">\n<div class=\"wp-block-cover alignwide has-nv-light-bg-background-color has-background-dim\" style=\"min-height:659px;aspect-ratio:unset;\"><div class=\"wp-block-cover__inner-container is-layout-flow wp-block-cover-is-layout-flow\">\n<div style=\"height:50px\" aria-hidden=\"true\" class=\"wp-block-spacer\"><\/div>\n\n\n\n<h2 class=\"has-neve-link-color-color has-text-color wp-block-heading\">S\u00e5 ans\u00f6ker du<\/h2>\n\n\n\n<p class=\"has-neve-link-color-color has-text-color\">Vuxenutbildningscentrum ansvarar f\u00f6r den centrala antagningen till vuxenstudier samt till undervisning i svenska f\u00f6r invandrare&nbsp;i V\u00e4ster\u00e5s. <\/p>\n\n\n\n<p class=\"has-neve-link-color-color has-text-color\"><strong>Vid fr\u00e5gor om utbildningen \u00e4r ni v\u00e4lkomna att kontakta oss!<\/strong><\/p>\n\n\n\n<div class=\"wp-block-buttons is-layout-flex wp-block-buttons-is-layout-flex\">\n<div class=\"wp-block-button is-style-primary\"><a class=\"wp-block-button__link\" href=\"https:\/\/www.vasteras.se\/barn-och-utbildning\/vuxenutbildning.html\">Till Vuxenutbildningscentrum<\/a><\/div>\n\n\n\n<div class=\"wp-block-button is-style-secondary\"><a class=\"wp-block-button__link\" href=\"https:\/\/abfprogress.se\/?page_id=20\">Kontakta oss<\/a><\/div>\n<\/div>\n<\/div><\/div>\n\n\n\n<div style=\"height:50px\" aria-hidden=\"true\" class=\"wp-block-spacer\"><\/div>\n<\/div><\/div>\n","protected":false},"excerpt":{"rendered":"","protected":false},"author":10,"featured_media":0,"parent":0,"menu_order":0,"comment_status":"closed","ping_status":"closed","template":"","meta":{"neve_meta_sidebar":"full-width","neve_meta_container":"full-width","neve_meta_enable_content_width":"off","neve_meta_content_width":100,"neve_meta_title_alignment":"","neve_meta_author_avatar":"","neve_post_elements_order":"","neve_meta_disable_header":"","neve_meta_disable_footer":"","neve_meta_disable_title":"on","footnotes":""},"class_list":["post-1661","page","type-page","status-publish","hentry"],"_links":{"self":[{"href":"https:\/\/abfprogress.se\/index.php?rest_route=\/wp\/v2\/pages\/1661","targetHints":{"allow":["GET"]}}],"collection":[{"href":"https:\/\/abfprogress.se\/index.php?rest_route=\/wp\/v2\/pages"}],"about":[{"href":"https:\/\/abfprogress.se\/index.php?rest_route=\/wp\/v2\/types\/page"}],"author":[{"embeddable":true,"href":"https:\/\/abfprogress.se\/index.php?rest_route=\/wp\/v2\/users\/10"}],"replies":[{"embeddable":true,"href":"https:\/\/abfprogress.se\/index.php?rest_route=%2Fwp%2Fv2%2Fcomments&post=1661"}],"version-history":[{"count":24,"href":"https:\/\/abfprogress.se\/index.php?rest_route=\/wp\/v2\/pages\/1661\/revisions"}],"predecessor-version":[{"id":2748,"href":"https:\/\/abfprogress.se\/index.php?rest_route=\/wp\/v2\/pages\/1661\/revisions\/2748"}],"wp:attachment":[{"href":"https:\/\/abfprogress.se\/index.php?rest_route=%2Fwp%2Fv2%2Fmedia&parent=1661"}],"curies":[{"name":"wp","href":"https:\/\/api.w.org\/{rel}","templated":true}]}}

Grundläggande utbildningar

<div class="wp-block-cover alignfull has-background-dim-90 has-nv-light-bg-background-color has-background-dim has-parallax" style="background-image:url(https://abfprogress.se/wp-content/uploads/2021/06/pexels-kampus-production-5940704-scaled.jpg);min-height:400px;aspect-ratio:unset;"><div class="wp-block-cover__inner-container is-layout-flow wp-block-cover-is-layout-flow">
<div style="height:120px" aria-hidden="true" class="wp-block-spacer"></div>



<h1 class="has-text-align-center has-neve-link-color-color has-text-color wp-block-heading">Grundläggande utbildningar</h1>



<div style="height:80px" aria-hidden="true" class="wp-block-spacer"></div>
</div></div>



<div style="height:50px" aria-hidden="true" class="wp-block-spacer"></div>



<div class="wp-block-cover alignwide has-nv-site-bg-background-color has-background-dim" style="min-height:387px;aspect-ratio:unset;"><div class="wp-block-cover__inner-container is-layout-flow wp-block-cover-is-layout-flow">
<h2 class="has-neve-link-color-color has-text-color wp-block-heading">Om</h2>



<p class="has-neve-link-color-color has-text-color"><strong>Grundläggande ämnen</strong> är till exempel svenska/svenska som andra språk, matematik och engelska. Utbildningen motsvarar den kunskap som nås i grundskolan.</p>



<p class="has-neve-link-color-color has-text-color">Utbildningarna är till för dig som är bosatt i Västerås kommun. Du är behörig att läsa en kommunal vuxenutbildning från och med 1 juli det år du fyller 20 år. Om du har gymnasieexamen eller studiebevis från gymnasiet kan du vara under 20 år.</p>



<p class="has-neve-link-color-color has-text-color">När du söker grundläggande utbildning behöver du inga formella förkunskaper. Du behöver däremot ha tillräckligt goda kunskaper i svenska för att klara studierna.</p>
</div></div>



<div style="height:50px" aria-hidden="true" class="wp-block-spacer"></div>



<div class="wp-block-cover alignwide has-nv-site-bg-background-color has-background-dim"><div class="wp-block-cover__inner-container is-layout-flow wp-block-cover-is-layout-flow">
<h2 class="alignwide has-neve-link-color-color has-text-color wp-block-heading">Utbildningar vi erbjuder</h2>



<div style="height:25px" aria-hidden="true" class="wp-block-spacer"></div>



<div class="wp-block-columns alignwide is-layout-flex wp-container-core-columns-is-layout-9d6595d7 wp-block-columns-is-layout-flex">
<div class="wp-block-column is-layout-flow wp-block-column-is-layout-flow">
<figure class="wp-block-image size-large is-resized"><a href="https://abfprogress.se/wp-content/uploads/2021/06/pexels-charlotte-may-5965711-scaled.jpg"><img loading="lazy" decoding="async" src="https://abfprogress.se/wp-content/uploads/2021/06/pexels-charlotte-may-5965711-edited-scaled.jpg" alt="" class="wp-image-2514" width="600" height="600" srcset="https://abfprogress.se/wp-content/uploads/2021/06/pexels-charlotte-may-5965711-edited-scaled.jpg 2560w, https://abfprogress.se/wp-content/uploads/2021/06/pexels-charlotte-may-5965711-edited-300x300.jpg 300w, https://abfprogress.se/wp-content/uploads/2021/06/pexels-charlotte-may-5965711-edited-150x150.jpg 150w, https://abfprogress.se/wp-content/uploads/2021/06/pexels-charlotte-may-5965711-edited-2048x2043.jpg 2048w" sizes="auto, (max-width: 600px) 100vw, 600px" /></a></figure>



<h3 class="has-text-align-center has-neve-link-color-color has-text-color wp-block-heading">Svenska som andraspråk (SAS) grund</h3>



<hr class="wp-block-separator has-text-color has-background has-neve-button-color-background-color has-neve-button-color-color is-style-default"/>



<p class="has-text-align-center has-neve-link-color-color has-text-color">Svenska som andraspråk (SAS) är till för dig som inte har svenska som modersmål och vill utveckla dina språkkunskaper.</p>



<div class="wp-block-buttons is-content-justification-center is-layout-flex wp-block-buttons-is-layout-flex">
<div class="wp-block-button is-style-primary"><a class="wp-block-button__link" href="https://abfprogress.se/?page_id=1680">LÄs mer</a></div>
</div>



<div style="height:40px" aria-hidden="true" class="wp-block-spacer"></div>
</div>



<div class="wp-block-column is-layout-flow wp-block-column-is-layout-flow">
<figure class="wp-block-image size-large is-resized"><a href="https://abfprogress.se/wp-content/uploads/2021/06/pexels-ivan-samkov-5676740-1-scaled.jpg"><img loading="lazy" decoding="async" src="https://abfprogress.se/wp-content/uploads/2021/06/pexels-ivan-samkov-5676740-1-1024x1024.jpg" alt="" class="wp-image-2442" width="600" height="600" srcset="https://abfprogress.se/wp-content/uploads/2021/06/pexels-ivan-samkov-5676740-1-1024x1024.jpg 1024w, https://abfprogress.se/wp-content/uploads/2021/06/pexels-ivan-samkov-5676740-1-300x300.jpg 300w, https://abfprogress.se/wp-content/uploads/2021/06/pexels-ivan-samkov-5676740-1-150x150.jpg 150w, https://abfprogress.se/wp-content/uploads/2021/06/pexels-ivan-samkov-5676740-1-768x768.jpg 768w, https://abfprogress.se/wp-content/uploads/2021/06/pexels-ivan-samkov-5676740-1-1536x1536.jpg 1536w, https://abfprogress.se/wp-content/uploads/2021/06/pexels-ivan-samkov-5676740-1-2048x2048.jpg 2048w" sizes="auto, (max-width: 600px) 100vw, 600px" /></a></figure>



<h3 class="has-text-align-center has-neve-link-color-color has-text-color wp-block-heading">Engelska grund</h3>



<p></p>



<hr class="wp-block-separator has-text-color has-background has-neve-button-color-background-color has-neve-button-color-color is-style-default"/>



<p class="has-text-align-center has-neve-link-color-color has-text-color">Engelska grund vänder sig till dig som saknar grundskolekompetens i ämnet eller som vill repetera ett eller flera ämnen inför studier på gymnasienivå.</p>



<div class="wp-block-buttons is-content-justification-center is-layout-flex wp-block-buttons-is-layout-flex">
<div class="wp-block-button is-style-primary"><a class="wp-block-button__link" href="https://abfprogress.se/?page_id=1683">Läs mer</a></div>
</div>



<div style="height:40px" aria-hidden="true" class="wp-block-spacer"></div>
</div>



<div class="wp-block-column is-layout-flow wp-block-column-is-layout-flow">
<figure class="wp-block-image size-full is-resized"><a href="https://abfprogress.se/wp-content/uploads/2021/06/pexels-karolina-grabowska-5412432-1.jpg"><img decoding="async" src="https://abfprogress.se/wp-content/uploads/2021/06/pexels-karolina-grabowska-5412432-1.jpg" alt="" class="wp-image-2441" width="600" srcset="https://abfprogress.se/wp-content/uploads/2021/06/pexels-karolina-grabowska-5412432-1.jpg 600w, https://abfprogress.se/wp-content/uploads/2021/06/pexels-karolina-grabowska-5412432-1-300x300.jpg 300w, https://abfprogress.se/wp-content/uploads/2021/06/pexels-karolina-grabowska-5412432-1-150x150.jpg 150w" sizes="(max-width: 600px) 100vw, 600px" /></a></figure>



<h3 class="has-text-align-center has-neve-link-color-color has-text-color wp-block-heading">Matematik grund</h3>



<p></p>



<hr class="wp-block-separator has-text-color has-background has-neve-button-color-background-color has-neve-button-color-color is-style-default"/>



<p class="has-text-align-center has-neve-link-color-color has-text-color">Matematik grund vänder sig till dig som saknar grundskolekompetens i ämnet eller som vill repetera ett eller flera ämnen inför studier på gymnasienivå.</p>



<div class="wp-block-buttons is-content-justification-center is-layout-flex wp-block-buttons-is-layout-flex">
<div class="wp-block-button is-style-primary"><a class="wp-block-button__link" href="https://abfprogress.se/?page_id=1685">Läs mer</a></div>
</div>



<div style="height:40px" aria-hidden="true" class="wp-block-spacer"></div>
</div>
</div>



<div style="height:50px" aria-hidden="true" class="wp-block-spacer"></div>
</div></div>



<div class="wp-block-cover alignfull has-nv-light-bg-background-color has-background-dim"><div class="wp-block-cover__inner-container is-layout-flow wp-block-cover-is-layout-flow">
<div class="wp-block-cover alignwide has-nv-light-bg-background-color has-background-dim" style="min-height:659px;aspect-ratio:unset;"><div class="wp-block-cover__inner-container is-layout-flow wp-block-cover-is-layout-flow">
<div style="height:50px" aria-hidden="true" class="wp-block-spacer"></div>



<h2 class="has-neve-link-color-color has-text-color wp-block-heading">Så ansöker du</h2>



<p class="has-neve-link-color-color has-text-color">Vuxenutbildningscentrum ansvarar för den centrala antagningen till vuxenstudier samt till undervisning i svenska för invandrare&nbsp;i Västerås. </p>



<p class="has-neve-link-color-color has-text-color"><strong>Vid frågor om utbildningen är ni välkomna att kontakta oss!</strong></p>



<div class="wp-block-buttons is-layout-flex wp-block-buttons-is-layout-flex">
<div class="wp-block-button is-style-primary"><a class="wp-block-button__link" href="https://www.vasteras.se/barn-och-utbildning/vuxenutbildning.html">Till Vuxenutbildningscentrum</a></div>



<div class="wp-block-button is-style-secondary"><a class="wp-block-button__link" href="https://abfprogress.se/?page_id=20">Kontakta oss</a></div>
</div>
</div></div>



<div style="height:50px" aria-hidden="true" class="wp-block-spacer"></div>
</div></div>
