{"id":1658,"date":"2017-02-01T06:34:42","date_gmt":"2017-02-01T05:34:42","guid":{"rendered":"https:\/\/abfprogress.se\/?page_id=1658"},"modified":"2025-05-26T10:31:34","modified_gmt":"2025-05-26T08:31:34","slug":"om-oss","status":"publish","type":"page","link":"https:\/\/abfprogress.se\/?page_id=1658","title":{"rendered":"Om oss"},"content":{"rendered":"\n<div class=\"wp-block-cover alignfull is-light has-parallax\"><div class=\"wp-block-cover__image-background wp-image-2125 has-parallax\" style=\"background-position:50% 50%;background-image:url(https:\/\/abfprogress.se\/wp-content\/uploads\/2021\/06\/nathan-dumlao-xPHmmVKS8lM-unsplash-1-svartvit-1.png)\"><\/div><span aria-hidden=\"true\" class=\"wp-block-cover__background has-nv-light-bg-background-color has-background-dim-90 has-background-dim\"><\/span><div class=\"wp-block-cover__inner-container is-layout-flow wp-block-cover-is-layout-flow\">\n<div style=\"height:120px\" aria-hidden=\"true\" class=\"wp-block-spacer\"><\/div>\n\n\n\n<p class=\"has-text-align-center has-nv-dark-bg-color has-text-color has-medium-font-size\">Aros Progress\u00a0AB<\/p>\n\n\n\n<h1 class=\"wp-block-heading has-text-align-center has-neve-link-color-color has-text-color\">Om oss<\/h1>\n\n\n\n<div style=\"height:80px\" aria-hidden=\"true\" class=\"wp-block-spacer\"><\/div>\n<\/div><\/div>\n\n\n\n<div style=\"height:50px\" aria-hidden=\"true\" class=\"wp-block-spacer\"><\/div>\n\n\n\n<div class=\"wp-block-cover alignwide is-light\" style=\"min-height:583px;aspect-ratio:unset;\"><span aria-hidden=\"true\" class=\"wp-block-cover__background has-nv-text-dark-bg-background-color has-background-dim-100 has-background-dim\"><\/span><div class=\"wp-block-cover__inner-container is-layout-flow wp-block-cover-is-layout-flow\">\n<h2 class=\"wp-block-heading has-text-align-left has-neve-link-color-color has-text-color\">Vi g\u00f6r en annan v\u00e4rld m\u00f6jlig!<\/h2>\n\n\n\n<p class=\"has-neve-link-color-color has-text-color\">Under namnet ABF L\u00e4ra &amp; Jobb i V\u00e4ster\u00e5s anordnar <strong>Aros Progress\u00a0AB<\/strong> vuxenutbildning i samarbete med flera kommuner i V\u00e4stmanland. Vi har ett stort antal kurser\/utbildningar p\u00e5 grundl\u00e4ggande och gymnasial niv\u00e5 samt SFI (svenska f\u00f6r invandrare).<\/p>\n\n\n\n<p class=\"has-neve-link-color-color has-text-color\">Du kan l\u00e4sa kurserna i klassrum p\u00e5 dagtid, eller p\u00e5 distans. Det ger dig valfrihet och flexibilitet. Du g\u00f6r din studieplanering tillsammans med v\u00e5r studie- och yrkesv\u00e4gledare\/l\u00e4rare.<\/p>\n\n\n\n<p class=\"has-neve-link-color-color has-text-color\">Undervisningen \u00e4r f\u00f6rlagd till v\u00e5ra trevliga lokaler i centrala V\u00e4ster\u00e5s, Pilgatan 2 och genomf\u00f6rs av beh\u00f6riga och engagerade l\u00e4rare.<\/p>\n\n\n\n<p class=\"has-neve-link-color-color has-text-color\">ABF L\u00e4ra &amp; Jobb har betygsr\u00e4tt f\u00f6r vuxenutbildning. Betygsr\u00e4tten inneb\u00e4r att vi har r\u00e4tt att s\u00e4tta betyg, anordna pr\u00f6vning samt utf\u00e4rda betyg f\u00f6r gymnasiala och grundl\u00e4ggande kurser\/utbildningar inom vuxenutbildning samt SFI.<\/p>\n<\/div><\/div>\n\n\n\n<div class=\"wp-block-buttons alignwide is-horizontal is-content-justification-center is-layout-flex wp-container-core-buttons-is-layout-499968f5 wp-block-buttons-is-layout-flex\">\n<div class=\"wp-block-button is-style-primary\"><a class=\"wp-block-button__link has-neve-link-color-color has-nv-light-bg-background-color has-text-color has-background wp-element-button\" href=\"https:\/\/abfprogress.se\/?page_id=2301\">Personal<\/a><\/div>\n\n\n\n<div class=\"wp-block-button is-style-primary\"><a class=\"wp-block-button__link has-neve-link-color-color has-nv-light-bg-background-color has-text-color has-background wp-element-button\" href=\"https:\/\/abfprogress.se\/?page_id=20\">Kontakta oss<\/a><\/div>\n\n\n\n<div class=\"wp-block-button is-style-primary\"><a class=\"wp-block-button__link has-neve-link-color-color has-nv-light-bg-background-color has-text-color has-background wp-element-button\" href=\"https:\/\/abfprogress.se\/?page_id=1676\">Jobba hos oss<\/a><\/div>\n\n\n\n<div class=\"wp-block-button is-style-primary\"><a class=\"wp-block-button__link has-neve-link-color-color has-nv-light-bg-background-color has-text-color has-background wp-element-button\" href=\"https:\/\/abfprogress.se\/?page_id=1779\">Klagom\u00e5lshantering<\/a><\/div>\n\n\n\n<div class=\"wp-block-button is-style-primary\"><a class=\"wp-block-button__link has-neve-link-color-color has-nv-light-bg-background-color has-text-color has-background wp-element-button\" href=\"https:\/\/abfprogress.se\/?page_id=2643\">GDPR<\/a><\/div>\n<\/div>\n\n\n\n<div style=\"height:110px\" aria-hidden=\"true\" class=\"wp-block-spacer\"><\/div>\n\n\n\n<div class=\"wp-block-cover alignfull is-light\" style=\"min-height:769px;aspect-ratio:unset;\"><span aria-hidden=\"true\" class=\"wp-block-cover__background has-nv-dark-bg-background-color has-background-dim-100 has-background-dim\"><\/span><div class=\"wp-block-cover__inner-container is-layout-flow wp-block-cover-is-layout-flow\">\n<div style=\"height:50px\" aria-hidden=\"true\" class=\"wp-block-spacer\"><\/div>\n\n\n\n<div class=\"wp-block-cover is-light\"><span aria-hidden=\"true\" class=\"wp-block-cover__background has-nv-dark-bg-background-color has-background-dim-100 has-background-dim\"><\/span><div class=\"wp-block-cover__inner-container is-layout-flow wp-block-cover-is-layout-flow\">\n<div class=\"wp-block-media-text alignwide has-media-on-the-right is-stacked-on-mobile is-vertically-aligned-center\"><div class=\"wp-block-media-text__content\">\n<div style=\"height:25px\" aria-hidden=\"true\" class=\"wp-block-spacer\"><\/div>\n\n\n\n<h2 class=\"wp-block-heading has-text-align-left has-nv-text-dark-bg-color has-text-color\"><strong>V\u00e4gen till jobb eller studier<\/strong><\/h2>\n\n\n\n<p class=\"has-text-align-left has-nv-site-bg-color has-text-color\">ABF L\u00e4ra och jobb arbetar utifr\u00e5n dina behov. Varje m\u00e4nniska \u00e4r unik och v\u00e4gen till jobb eller studier \u00e4r ocks\u00e5 unik! <\/p>\n\n\n\n<p class=\"has-text-align-left has-nv-site-bg-color has-text-color\">Hos oss f\u00e5r du hj\u00e4lp och st\u00f6d med att m\u00f6ta morgondagens arbetsmarknad. Oavsett om det \u00e4r jobb eller studier s\u00e5 kommer handledarna p\u00e5 ABF L\u00e4ra &amp; Jobb g\u00f6r det m\u00f6jligt f\u00f6r dig att f\u00f6rverkliga dina m\u00e5l. <\/p>\n\n\n\n<p class=\"has-text-align-left has-nv-site-bg-color has-text-color\">Genom engagemang och ett brinnande intresse f\u00f6r att utveckla individer och grupper st\u00f6djer ABF L\u00e4ra &amp; Jobb dig hela v\u00e4gen.<\/p>\n<\/div><figure class=\"wp-block-media-text__media\"><img loading=\"lazy\" decoding=\"async\" width=\"499\" height=\"100\" src=\"https:\/\/abfprogress.se\/wp-content\/uploads\/2021\/06\/ABF-Logovepa_Aros-folkbildningstjanst-AB-2.png\" alt=\"\" class=\"wp-image-2915 size-full\" srcset=\"https:\/\/abfprogress.se\/wp-content\/uploads\/2021\/06\/ABF-Logovepa_Aros-folkbildningstjanst-AB-2.png 499w, https:\/\/abfprogress.se\/wp-content\/uploads\/2021\/06\/ABF-Logovepa_Aros-folkbildningstjanst-AB-2-300x60.png 300w\" sizes=\"auto, (max-width: 499px) 100vw, 499px\" \/><\/figure><\/div>\n<\/div><\/div>\n\n\n\n<div style=\"height:50px\" aria-hidden=\"true\" class=\"wp-block-spacer\"><\/div>\n<\/div><\/div>\n\n\n\n<div class=\"wp-block-cover alignfull is-light\" style=\"min-height:749px;aspect-ratio:unset;\"><span aria-hidden=\"true\" class=\"wp-block-cover__background has-nv-light-bg-background-color has-background-dim-100 has-background-dim\"><\/span><div class=\"wp-block-cover__inner-container is-layout-flow wp-block-cover-is-layout-flow\">\n<div style=\"height:50px\" aria-hidden=\"true\" class=\"wp-block-spacer\"><\/div>\n\n\n\n<div class=\"wp-block-group alignwide has-nv-site-bg-color has-text-color\"><div class=\"wp-block-group__inner-container is-layout-flow wp-block-group-is-layout-flow\">\n<div class=\"wp-block-columns alignwide is-layout-flex wp-container-core-columns-is-layout-9d6595d7 wp-block-columns-is-layout-flex\">\n<div class=\"wp-block-column is-layout-flow wp-block-column-is-layout-flow\">\n<h2 class=\"wp-block-heading has-text-align-left has-neve-text-color-color has-text-color has-large-font-size\">Ledning<\/h2>\n<\/div>\n\n\n\n<div class=\"wp-block-column is-layout-flow wp-block-column-is-layout-flow\"><\/div>\n<\/div>\n\n\n\n<div class=\"wp-block-columns are-vertically-aligned-top is-layout-flex wp-container-core-columns-is-layout-9d6595d7 wp-block-columns-is-layout-flex\">\n<div class=\"wp-block-column is-vertically-aligned-top is-layout-flow wp-block-column-is-layout-flow\">\n<h3 class=\"wp-block-heading has-text-align-left has-neve-text-color-color has-text-color\">Shpetim Pirraku<\/h3>\n\n\n\n<p class=\"has-text-align-left has-neve-text-color-color has-text-color\">VD<\/p>\n\n\n\n<p class=\"has-neve-text-color-color has-text-color\"><a href=\"tel:0739619672\">073-961 96 72<\/a><\/p>\n\n\n\n<p class=\"has-neve-text-color-color has-text-color\"><a href=\"mailto:shpetim.pirraku@abf.se\">shpetim.pirraku@abf.se<\/a><\/p>\n\n\n\n<div style=\"height:25px\" aria-hidden=\"true\" class=\"wp-block-spacer\"><\/div>\n<\/div>\n\n\n\n<div class=\"wp-block-column is-vertically-aligned-top is-layout-flow wp-block-column-is-layout-flow\">\n<h3 class=\"wp-block-heading has-neve-text-color-color has-text-color\">Jessica Rasic Keisu<\/h3>\n\n\n\n<p class=\"has-text-align-left has-neve-text-color-color has-text-color\">Verksamhetsledare\/Rektor<\/p>\n\n\n\n<p class=\"has-neve-text-color-color has-text-color\"><a href=\"tel:0214707511\">021-470 75 11\u00a0<\/a>\/\u00a0<a href=\"tel:0722034899\">072-203 48 99<\/a><\/p>\n\n\n\n<p class=\"has-neve-text-color-color has-text-color\"><a href=\"mailto:jessica.rasickeisu@abf.se\">jessica.rasickeisu@abf.se<\/a><\/p>\n<\/div>\n<\/div>\n<\/div><\/div>\n\n\n\n<div style=\"height:50px\" aria-hidden=\"true\" class=\"wp-block-spacer\"><\/div>\n<\/div><\/div>\n","protected":false},"excerpt":{"rendered":"","protected":false},"author":10,"featured_media":0,"parent":0,"menu_order":0,"comment_status":"closed","ping_status":"closed","template":"","meta":{"neve_meta_sidebar":"full-width","neve_meta_container":"full-width","neve_meta_enable_content_width":"off","neve_meta_content_width":100,"neve_meta_title_alignment":"","neve_meta_author_avatar":"","neve_post_elements_order":"","neve_meta_disable_header":"","neve_meta_disable_footer":"","neve_meta_disable_title":"on","footnotes":""},"class_list":["post-1658","page","type-page","status-publish","hentry"],"_links":{"self":[{"href":"https:\/\/abfprogress.se\/index.php?rest_route=\/wp\/v2\/pages\/1658","targetHints":{"allow":["GET"]}}],"collection":[{"href":"https:\/\/abfprogress.se\/index.php?rest_route=\/wp\/v2\/pages"}],"about":[{"href":"https:\/\/abfprogress.se\/index.php?rest_route=\/wp\/v2\/types\/page"}],"author":[{"embeddable":true,"href":"https:\/\/abfprogress.se\/index.php?rest_route=\/wp\/v2\/users\/10"}],"replies":[{"embeddable":true,"href":"https:\/\/abfprogress.se\/index.php?rest_route=%2Fwp%2Fv2%2Fcomments&post=1658"}],"version-history":[{"count":151,"href":"https:\/\/abfprogress.se\/index.php?rest_route=\/wp\/v2\/pages\/1658\/revisions"}],"predecessor-version":[{"id":19778,"href":"https:\/\/abfprogress.se\/index.php?rest_route=\/wp\/v2\/pages\/1658\/revisions\/19778"}],"wp:attachment":[{"href":"https:\/\/abfprogress.se\/index.php?rest_route=%2Fwp%2Fv2%2Fmedia&parent=1658"}],"curies":[{"name":"wp","href":"https:\/\/api.w.org\/{rel}","templated":true}]}}