{"id":1093,"date":"2014-10-15T22:01:14","date_gmt":"2014-10-15T22:01:14","guid":{"rendered":"https:\/\/abfprogress.se\/?page_id=1093"},"modified":"2021-06-17T10:32:01","modified_gmt":"2021-06-17T08:32:01","slug":"sfi","status":"publish","type":"page","link":"https:\/\/abfprogress.se\/?page_id=1093","title":{"rendered":"SFI"},"content":{"rendered":"\n<div class=\"wp-block-cover alignfull has-background-dim-90 has-nv-light-bg-background-color has-background-dim has-parallax\" style=\"background-image:url(https:\/\/abfprogress.se\/wp-content\/uploads\/2021\/06\/pexels-andrea-piacquadio-3869386-scaled.jpg)\"><div class=\"wp-block-cover__inner-container is-layout-flow wp-block-cover-is-layout-flow\">\n<div style=\"height:120px\" aria-hidden=\"true\" class=\"wp-block-spacer\"><\/div>\n\n\n\n<h1 class=\"has-text-align-center has-neve-link-color-color has-text-color wp-block-heading\">Svenska f\u00f6r invandrare (SFI)<\/h1>\n\n\n\n<div style=\"height:50px\" aria-hidden=\"true\" class=\"wp-block-spacer\"><\/div>\n<\/div><\/div>\n\n\n\n<div style=\"height:50px\" aria-hidden=\"true\" class=\"wp-block-spacer\"><\/div>\n\n\n\n<div class=\"wp-block-cover alignwide has-nv-site-bg-background-color has-background-dim\"><div class=\"wp-block-cover__inner-container is-layout-flow wp-block-cover-is-layout-flow\">\n<h2 class=\"has-neve-link-color-color has-text-color wp-block-heading\">Om<\/h2>\n\n\n\n<p class=\"has-neve-link-color-color has-text-color\"><strong>Svenska f\u00f6r invandrare (SFI)<\/strong> \u00e4r en utbildningsform d\u00e4r du kan f\u00e5 l\u00e4ra dig det svenska spr\u00e5ket och f\u00e5 kunskaper om det svenska samh\u00e4llet.<\/p>\n\n\n\n<p class=\"has-neve-link-color-color has-text-color\">Du f\u00e5r l\u00e4sa svenska f\u00f6r invandrare&nbsp;om du<\/p>\n\n\n\n<p class=\"has-neve-link-color-color has-text-color\">&#8211; \u00e4r \u00f6ver 20 \u00e5r<\/p>\n\n\n\n<p class=\"has-neve-link-color-color has-text-color\">&#8211; \u00e4r folkbokf\u00f6rd i V\u00e4ster\u00e5s<\/p>\n\n\n\n<p class=\"has-neve-link-color-color has-text-color\">&#8211; har ett annat modersm\u00e5l \u00e4n svenska<br><\/p>\n\n\n\n<p class=\"has-neve-link-color-color has-text-color\">Utbildning&nbsp;ska ge dig grundl\u00e4ggande kunskaper i svenska spr\u00e5ket. Utbildningen ska ocks\u00e5 ge grundl\u00e4ggande&nbsp;f\u00f6rm\u00e5ga&nbsp;att l\u00e4sa och skriva till dig som inte kan det. <br>Det g\u00e4ller \u00e4ven dig som har kort skolbakgrund eller har ett annat skriftspr\u00e5k. Kursen och b\u00f6ckerna som anv\u00e4nds \u00e4r gratis.<\/p>\n\n\n\n<p class=\"has-neve-link-color-color has-text-color\">Nya kurser startar en g\u00e5ng i m\u00e5naden, f\u00f6rutom i juli. Din kartl\u00e4ggning ska vara gjord cirka fyra veckor innan kursstart. Vi har inte terminer utan kursen p\u00e5g\u00e5r under hela \u00e5ret.<\/p>\n<\/div><\/div>\n\n\n\n<div style=\"height:50px\" aria-hidden=\"true\" class=\"wp-block-spacer\"><\/div>\n\n\n\n<div class=\"wp-block-cover alignfull has-nv-light-bg-background-color has-background-dim\" style=\"min-height:659px;aspect-ratio:unset;\"><div class=\"wp-block-cover__inner-container is-layout-flow wp-block-cover-is-layout-flow\">\n<div class=\"wp-block-cover alignwide has-nv-light-bg-background-color has-background-dim\"><div class=\"wp-block-cover__inner-container is-layout-flow wp-block-cover-is-layout-flow\">\n<div style=\"height:50px\" aria-hidden=\"true\" class=\"wp-block-spacer\"><\/div>\n\n\n\n<h2 class=\"has-neve-link-color-color has-text-color wp-block-heading\">S\u00e5 ans\u00f6ker du<\/h2>\n\n\n\n<p class=\"has-text-align-left has-neve-link-color-color has-text-color\">F\u00f6r att g\u00f6ra en ans\u00f6kan till svenska f\u00f6r invandrare beh\u00f6ver du ta kontakt med Vuxenutbildningscentrum (VUC). Ans\u00f6kan g\u00f6r du genom att registrera dig p\u00e5 V\u00e4ster\u00e5s stads webb. <\/p>\n\n\n\n<p class=\"has-text-align-left has-neve-link-color-color has-text-color\"><strong>Klicka p\u00e5 &#8221;Till registrering&#8221; nedan f\u00f6r att komma till V\u00e4ster\u00e5s stads webb.<\/strong><\/p>\n\n\n\n<div class=\"wp-block-buttons is-layout-flex wp-block-buttons-is-layout-flex\">\n<div class=\"wp-block-button is-style-primary\"><a class=\"wp-block-button__link\" href=\"http:\/\/www.vasteras.se\/barn-och-utbildning\/vuxenutbildning\/grundlaggande-och-gymnasial-utbildning.html\" target=\"_blank\" rel=\"noreferrer noopener\">Till registrering<\/a><\/div>\n<\/div>\n\n\n\n<div style=\"height:50px\" aria-hidden=\"true\" class=\"wp-block-spacer\"><\/div>\n<\/div><\/div>\n<\/div><\/div>\n","protected":false},"excerpt":{"rendered":"","protected":false},"author":10,"featured_media":2202,"parent":0,"menu_order":0,"comment_status":"closed","ping_status":"closed","template":"","meta":{"neve_meta_sidebar":"full-width","neve_meta_container":"full-width","neve_meta_enable_content_width":"off","neve_meta_content_width":80,"neve_meta_title_alignment":"left","neve_meta_author_avatar":"","neve_post_elements_order":"","neve_meta_disable_header":"","neve_meta_disable_footer":"","neve_meta_disable_title":"on","footnotes":""},"class_list":["post-1093","page","type-page","status-publish","has-post-thumbnail","hentry"],"_links":{"self":[{"href":"https:\/\/abfprogress.se\/index.php?rest_route=\/wp\/v2\/pages\/1093","targetHints":{"allow":["GET"]}}],"collection":[{"href":"https:\/\/abfprogress.se\/index.php?rest_route=\/wp\/v2\/pages"}],"about":[{"href":"https:\/\/abfprogress.se\/index.php?rest_route=\/wp\/v2\/types\/page"}],"author":[{"embeddable":true,"href":"https:\/\/abfprogress.se\/index.php?rest_route=\/wp\/v2\/users\/10"}],"replies":[{"embeddable":true,"href":"https:\/\/abfprogress.se\/index.php?rest_route=%2Fwp%2Fv2%2Fcomments&post=1093"}],"version-history":[{"count":111,"href":"https:\/\/abfprogress.se\/index.php?rest_route=\/wp\/v2\/pages\/1093\/revisions"}],"predecessor-version":[{"id":2746,"href":"https:\/\/abfprogress.se\/index.php?rest_route=\/wp\/v2\/pages\/1093\/revisions\/2746"}],"wp:featuredmedia":[{"embeddable":true,"href":"https:\/\/abfprogress.se\/index.php?rest_route=\/wp\/v2\/media\/2202"}],"wp:attachment":[{"href":"https:\/\/abfprogress.se\/index.php?rest_route=%2Fwp%2Fv2%2Fmedia&parent=1093"}],"curies":[{"name":"wp","href":"https:\/\/api.w.org\/{rel}","templated":true}]}}

<div class="wp-block-cover alignfull has-background-dim-90 has-nv-light-bg-background-color has-background-dim has-parallax" style="background-image:url(https://abfprogress.se/wp-content/uploads/2021/06/pexels-andrea-piacquadio-3869386-scaled.jpg)"><div class="wp-block-cover__inner-container is-layout-flow wp-block-cover-is-layout-flow">
<div style="height:120px" aria-hidden="true" class="wp-block-spacer"></div>



<h1 class="has-text-align-center has-neve-link-color-color has-text-color wp-block-heading">Svenska för invandrare (SFI)</h1>



<div style="height:50px" aria-hidden="true" class="wp-block-spacer"></div>
</div></div>



<div style="height:50px" aria-hidden="true" class="wp-block-spacer"></div>



<div class="wp-block-cover alignwide has-nv-site-bg-background-color has-background-dim"><div class="wp-block-cover__inner-container is-layout-flow wp-block-cover-is-layout-flow">
<h2 class="has-neve-link-color-color has-text-color wp-block-heading">Om</h2>



<p class="has-neve-link-color-color has-text-color"><strong>Svenska för invandrare (SFI)</strong> är en utbildningsform där du kan få lära dig det svenska språket och få kunskaper om det svenska samhället.</p>



<p class="has-neve-link-color-color has-text-color">Du får läsa svenska för invandrare&nbsp;om du</p>



<p class="has-neve-link-color-color has-text-color">&#8211; är över 20 år</p>



<p class="has-neve-link-color-color has-text-color">&#8211; är folkbokförd i Västerås</p>



<p class="has-neve-link-color-color has-text-color">&#8211; har ett annat modersmål än svenska<br></p>



<p class="has-neve-link-color-color has-text-color">Utbildning&nbsp;ska ge dig grundläggande kunskaper i svenska språket. Utbildningen ska också ge grundläggande&nbsp;förmåga&nbsp;att läsa och skriva till dig som inte kan det. <br>Det gäller även dig som har kort skolbakgrund eller har ett annat skriftspråk. Kursen och böckerna som används är gratis.</p>



<p class="has-neve-link-color-color has-text-color">Nya kurser startar en gång i månaden, förutom i juli. Din kartläggning ska vara gjord cirka fyra veckor innan kursstart. Vi har inte terminer utan kursen pågår under hela året.</p>
</div></div>



<div style="height:50px" aria-hidden="true" class="wp-block-spacer"></div>



<div class="wp-block-cover alignfull has-nv-light-bg-background-color has-background-dim" style="min-height:659px;aspect-ratio:unset;"><div class="wp-block-cover__inner-container is-layout-flow wp-block-cover-is-layout-flow">
<div class="wp-block-cover alignwide has-nv-light-bg-background-color has-background-dim"><div class="wp-block-cover__inner-container is-layout-flow wp-block-cover-is-layout-flow">
<div style="height:50px" aria-hidden="true" class="wp-block-spacer"></div>



<h2 class="has-neve-link-color-color has-text-color wp-block-heading">Så ansöker du</h2>



<p class="has-text-align-left has-neve-link-color-color has-text-color">För att göra en ansökan till svenska för invandrare behöver du ta kontakt med Vuxenutbildningscentrum (VUC). Ansökan gör du genom att registrera dig på Västerås stads webb. </p>



<p class="has-text-align-left has-neve-link-color-color has-text-color"><strong>Klicka på &#8221;Till registrering&#8221; nedan för att komma till Västerås stads webb.</strong></p>



<div class="wp-block-buttons is-layout-flex wp-block-buttons-is-layout-flex">
<div class="wp-block-button is-style-primary"><a class="wp-block-button__link" href="http://www.vasteras.se/barn-och-utbildning/vuxenutbildning/grundlaggande-och-gymnasial-utbildning.html" target="_blank" rel="noreferrer noopener">Till registrering</a></div>
</div>



<div style="height:50px" aria-hidden="true" class="wp-block-spacer"></div>
</div></div>
</div></div>
